5 + 0/(-4). Let m be 323/4 + t/8. Calculate the greatest common factor of m and 9.
9
Let o = 5 + -7. Let n be 12 + o - (-1 - 2). Suppose 265 = 5*t + q, -4*t = -6*q + 2*q - 188. What is the greatest common divisor of t and n?
13
Suppose 2 = m + 2*g - 10, g - 4 = 0. What is the greatest common divisor of m and 32?
4
Suppose 0 = q - 3*q + 2*f + 18, -9 = -q - 4*f. Let y = -2 - 1. Let o be ((-9)/(-1))/((-3)/y). Calculate the greatest common factor of q and o.
9
Suppose -5*i - 3*g = -107, -4*i = -5*i + 3*g + 7. Let w be (-36 - -3 - -1)*1. Let f = i - w. Calculate the greatest common factor of f and 17.
17
Suppose 3918 = -5*y + 1103. Let n = -277 - y. Let w = n + -143. Calculate the greatest common factor of w and 13.
13
Let c(f) = -f**2 - 5*f - 2. Let t be c(-4). Suppose -l - t*l + 216 = 0. What is the highest common divisor of l and 18?
18
Let v be (-28)/(-6) - 2/3. Suppose -15*z + 92 = -88. What is the greatest common divisor of v and z?
4
Suppose -8*q = -4*q - 80. Calculate the highest common divisor of q and 100.
20
Let d(c) = 4*c - 23. Let v be d(6). What is the highest common divisor of v and 4?
1
Let c be (8/(-20))/((-3)/105). Calculate the highest common divisor of c and 98.
14
Suppose 0 = j - 126 - 205. Let r be j/2 + (-9)/18. Suppose 0 = -8*u + 3*u + 75. Calculate the highest common factor of r and u.
15
Suppose 3*m + m - 5*o = 17, 5*o - 1 = -2*m. Suppose 2*t + 2*a - 52 = -0*t, m*t - 4*a - 43 = 0. What is the greatest common divisor of 3 and t?
3
Suppose 6*o - 3*o - 120 = 0. Calculate the highest common factor of 40 and o.
40
Suppose b = -0*d - d + 8, 2*d - 4*b = -14. What is the greatest common divisor of 33 and d?
3
Let v = -47 - -22. Let m be (-52)/(-5) - (-10)/v. Suppose c + 2*c = 30. Calculate the greatest common factor of c and m.
10
Let p = 87 + -51. Suppose 11 = 2*z + h - 1, 3*z + 3*h = 24. What is the highest common divisor of z and p?
4
Let l(a) = -a**2 - 10*a - 9. Let y be l(-9). Let r(h) = -h + 110. Let f be r(y). What is the highest common divisor of f and 10?
10
Let i be 1/(10/4 - 2). Let r be 0 + 0 - 4/4. Let s = i + r. Calculate the highest common divisor of 5 and s.
1
Suppose 2*b - 28 = -12. Suppose 2*x = x + b. What is the greatest common divisor of 16 and x?
8
Let o(a) = a + 9. Let j be o(-7). Suppose -2 = -j*w + 2. What is the highest common factor of 14 and w?
2
Let w be (-3 + 5)/((-2)/(-1)). Suppose -5*p + w = -9. What is the highest common divisor of 22 and p?
2
Suppose -2*a = 4*v + a - 33, v - 32 = 4*a. Calculate the greatest common divisor of 36 and v.
12
Let n(x) = x**2 - 5*x + 5. Let o be n(10). Calculate the highest common divisor of 5 and o.
5
Let j(c) = c**2 - 2*c + 3. Let f be j(2). Suppose 1 - 31 = -f*g. Suppose -k = 2*k + 3, -4*k = 2*w - 136. Calculate the greatest common factor of g and w.
10
Suppose 4*o = -3*g + 95, 0 = 3*o - 4*g - 4 - 36. Suppose -3*b - 3*s = -60, 5*s - o = -4*b + 61. What is the greatest common factor of b and 38?
19
Suppose -v + 5 + 4 = 0. Calculate the highest common factor of v and 9.
9
Let h be (-1)/4 + 111/(-4). Let k = h - -42. Calculate the greatest common factor of k and 21.
7
Let l(b) = b**3 + 6*b**2 + 5*b + 6. Let z be l(-5). Suppose 4*i - z = -2, 0 = -m - 2*i + 16. What is the highest common factor of m and 154?
14
Suppose -2*s - 2*o + 1 = -21, -28 = -4*s + 4*o. Suppose 5*n + s = -2*h, 0*n = 3*n + 9. Suppose 0 = -k + h*k - 54. What is the greatest common factor of k and 9?
9
Suppose 34 + 106 = 2*g. Calculate the greatest common divisor of 7 and g.
7
Suppose -4*y + 21 - 1 = 0. Let g = 20 + y. What is the highest common factor of g and 25?
25
Let t be -1 + 3 + (1 - -1). Suppose 3*s - 26 = 61. Let x = -17 + s. Calculate the highest common divisor of x and t.
4
Let w(k) be the third derivative of k**5/60 + k**4/24 + 2*k**3/3 - 2*k**2. Let f be w(-5). Calculate the greatest common divisor of 8 and f.
8
Suppose 4*h - 2371 = -571. Suppose h = 4*x - 3*x. Let p = x - 270. What is the highest common factor of p and 20?
20
Let k be (63/6 + 0)/(1/2). What is the highest common divisor of 7 and k?
7
Let z = -9 - -14. Suppose z*i + 3*k - 6 - 21 = 0, 0 = 3*i + 2*k - 17. Suppose i*y - a = -y + 16, -3*a + 3 = 5*y. What is the highest common factor of 27 and y?
3
Let l be (4*3)/(3/22). Let v be 7/(21/30) - -2. Let f be (-2)/(-6) + 128/v. What is the highest common divisor of l and f?
11
Let c(v) = 2*v**2 + 10 + v - v**2 - v**3 - 2*v. Suppose y - k - 6 = -2, 2*y + 8 = -2*k. Let j be c(y). What is the greatest common factor of 70 and j?
10
Let c(p) = p**3 + p**2 - 17*p + 29. Let d be c(3). Suppose 4*z = 465 + 95. What is the highest common divisor of z and d?
14
Suppose 5*w = -3*t + 47, 9*t - 7*t - 38 = -5*w. Calculate the greatest common divisor of t and 2.
1
Let v be ((-3)/9)/((-2)/120). What is the greatest common factor of 50 and v?
10
Let h(g) = -g**3 - g**2 - 2*g. Let b be h(-3). Suppose 13*w + 540 = 22*w. Calculate the highest common factor of w and b.
12
Let w = -16 + 25. What is the greatest common factor of 1 and w?
1
Suppose -u + 3*y = -11, 6*y + 12 = 2*y. Let o be (-231)/(-14) - 1/u. What is the highest common factor of o and 32?
16
Let l = -7 + 17. Suppose -40 = -3*a + a. What is the greatest common factor of l and a?
10
Let d(z) = -3*z - 1. Let a be d(-1). Suppose 2*i + 2*h - 106 = -a*i, h = -4*i + 101. Calculate the highest common factor of i and 36.
12
Let n(j) = -j + 6. Let w be -2 - ((-2 - 3) + -3). Let i be n(w). Suppose 2*s - 1 - 15 = i. What is the greatest common factor of s and 20?
4
Let z(s) = -39*s**2. Let f be z(-1). Let n = 9 - f. Calculate the highest common divisor of n and 12.
12
Suppose -2*v = 4*a - 52, 2*v + 3*a - 79 = -2*v. Calculate the highest common divisor of v and 24.
8
Suppose -59 = 2*t - 267. Let j be (-2)/(-7) + 178/14. Calculate the highest common divisor of j and t.
13
Let b = 35 - -61. What is the greatest common factor of 12 and b?
12
Suppose -l + 199 = l - x, 2*l + 2*x = 196. Let b be ((-55)/5 - 0)*-1. Calculate the greatest common divisor of l and b.
11
Let v be (-75)/(-6) + 2/(-4). Let x = -12 + 75. Let s be 3/2 + x/6. What is the greatest common factor of v and s?
12
Let z = 2 - 0. Suppose w - 5*w = 16, -z*w + 52 = 3*y. Calculate the highest common factor of y and 140.
20
Suppose 5*b + 0*b + h - 37 = 0, 3*b - 31 = -5*h. Suppose -3*r + 0*j = -j - 89, -r - 4*j + 8 = 0. Calculate the highest common factor of r and b.
7
Suppose 4*z = 2*z - 4*w - 458, -4*w + 916 = -4*z. Let d = z + 385. Let r = d + -75. What is the highest common factor of r and 9?
9
Suppose -3*g - 5 = 4*p, -2*p = g + 2 + 3. Let t = 7 - g. Let a be 9/12*2*t. What is the highest common factor of 6 and a?
3
Let s(a) = -20*a - 1. Let o be s(-5). Calculate the greatest common factor of o and 11.
11
Let i = -31 - -51. Let r be (-4)/(-10) + 132/i. Let h = 15 + -1. Calculate the greatest common factor of r and h.
7
Let b(u) be the third derivative of 0 + 0*u - 1/24*u**4 + 4*u**2 + 1/3*u**3. Let r be b(-6). Calculate the highest common divisor of r and 12.
4
Let f be (-3)/(0 - -3)*-2. Calculate the greatest common divisor of f and 14.
2
Let c be -6 + 57 + (-3 - 0). Suppose 3*r - 3*u + 0 + 18 = 0, 2*u - 6 = -r. Let s be 6*2*r/(-3). What is the highest common divisor of c and s?
8
Suppose -3*t + 0*t = -15, 4*n + 4*t = 40. What is the highest common factor of n and 1?
1
Let s(o) = -o**3 + o**2 + 14. Let t be s(0). Let a(m) = -m**3 - 4*m**2 - 4*m - 1. Let r be a(-3). What is the greatest common divisor of r and t?
2
Let j(x) = x + 6. Let k be j(-9). Suppose -f + 4*f - 60 = 0. Let u = f + k. Calculate the highest common factor of 85 and u.
17
Let r(y) = -14*y + 18. Let o be r(-5). Calculate the greatest common factor of o and 22.
22
Let j = 132 - 74. Let h = -26 + j. Suppose m = -0*y - 4*y + 20, 0 = 4*y - 2*m - h. Calculate the greatest common factor of 9 and y.
3
Let v = 16 - 11. Suppose s = v*h - 2, s - 5 = -2*h - 0. Calculate the highest common factor of 1 and h.
1
Let o be 7/(1/1*1). Suppose 2*h = -c + 2 - 3, -3*c = 2*h - 5. Suppose -c*z - 2*z + 35 = 0. Calculate the greatest common factor of z and o.
7
Let x(a) = -5*a + 5. Let u be x(-5). Calculate the greatest common divisor of 90 and u.
30
Suppose 0 = -3*z + 2*p - p + 117, 32 = z + 2*p. Calculate the highest common factor of z and 57.
1